 2*u - 86. What is the remainder when 89 is divided by i?
20
Let z be 4 + -5 + 5 + 1. Suppose -240 = -5*f + z*v, 3*v + 149 = 3*f + v. Calculate the remainder when f is divided by 19.
15
Suppose 0 = -5*a + 3*m - 21, -5*a - 38 = -m - 11. Let n be (2 - (-152)/10) + (-2)/10. Let g = n + a. Calculate the remainder when g is divided by 7.
4
Let o(a) = -59*a - 695. What is the remainder when (-186)/9*3/(-2) is divided by o(-12)?
5
Let y = -6 + 5. Let t = y + -23. Let l = t - -69. Calculate the remainder when l is divided by 16.
13
Suppose -61 = -4*v + 31. Let x(n) = 4*n**2 + 2. Let k be x(-2). Suppose 0 = 4*w - w - k. Calculate the remainder when v is divided by w.
5
Let o(x) = -x**3 - 2*x**2 - 2*x + 1. Let r be o(-2). Suppose -p - l - 33 = -r*p, 4*l + 20 = 0. What is the remainder when 24 is divided by p?
3
Let x = -166 + 214. Suppose 3*l + 0*r - 52 = -2*r, -2*l + 38 = 2*r. What is the remainder when x is divided by l?
6
Let h(d) = -d**2 + 12*d - 5. Suppose 4*p + 318 = 114. Let k = p + 131. What is the remainder when k is divided by h(8)?
26
Suppose -2*k - k = -5*o + 548, -540 = -5*o + 5*k. Suppose -7*g + 0*g + o = 0. Calculate the remainder when 59 is divided by g.
11
Let o(v) = -5*v**3 + 7*v**2 - 5*v - 11. Let u be o(5). What is the remainder when 16 is divided by (1/(-2))/(27/u)?
7
Let b be ((-6)/21)/(3/(-42)). Suppose -b*s + 2*r = -2*s - 10, 3*s + 9 = -5*r. Calculate the remainder when ((-12)/9 + 2)*6 is divided by s.
0
Let k be (-18)/4*(-6 + 4). Let u be 177/((-3)/(-10)*1). Calculate the remainder when (k/(-6))/((-15)/u) is divided by 15.
14
Let c be 1 + 0 - -7 - 1. Let a(h) be the second derivative of h**4/12 - 5*h**3/6 + 3*h**2 - 13*h + 1. What is the remainder when 39 is divided by a(c)?
19
Suppose 2*i = 5*t - 120, 0 = i - 12 + 7. Calculate the remainder when 232 is divided by t.
24
What is the remainder when (-6)/(-14) - (-2238)/21 is divided by 54?
53
Let o = 64 + -44. What is the remainder when 194 is divided by o?
14
Let m = 1192 - 1149. What is the remainder when m is divided by 9?
7
Suppose -5*f = -41 - 9. Calculate the remainder when 97 is divided by (f*(-3 - -8))/2.
22
Suppose 0 = -3*i + q + 20, -3*q = -i + 2*q + 2. What is the remainder when 376 is divided by i?
5
Let y(a) = 4*a - 3. Let r = -23 - -45. What is the remainder when r is divided by y(2)?
2
Let y(d) = -d + 2. Let x be y(0). Suppose 2*t + h - 62 = x*h, 5*t = -h + 169. What is the remainder when 229 is divided by t?
31
Suppose -180 = -5*m - m. Let g = 34 - m. Calculate the remainder when g is divided by 3.
1
Let w = 194 - 87. What is the remainder when w is divided by 41?
25
Let b(i) = -24*i - 792. What is the remainder when 174 is divided by b(-37)?
78
Let b = 208 + -146. Let g = -17 + 30. Calculate the remainder when b is divided by g.
10
Suppose -5*d = 3*q - 185, 3*d + 435 - 169 = 4*q. Calculate the remainder when q is divided by 20.
5
Let p be (-754)/(-10) - (-38)/(-95). Suppose l - 2*g = 21, -5*l + p = 3*g - 69. Calculate the remainder when 186 is divided by l.
24
Suppose 17*a - 10 = 12*a. Suppose -3*s + s - 8 = 0, 22 = i - a*s. What is the remainder when 23 is divided by i?
9
Let s(h) = -h**3 + 6*h**2 + 4*h - 1. Calculate the remainder when s(3) is divided by 13.
12
Let v be 1/(0 + 1) + 24 + -37. What is the remainder when 21 + ((-4)/(-6) - v/9) is divided by 12?
11
Let x be (-9)/15*(-20)/(-3)*-3. Let r(u) = u + 23. Let l(i) = i + 1. Let f(v) = 6*l(v) - r(v). What is the remainder when f(x) is divided by 15?
13
Let i(d) = d**3 - 10*d**2 - 12*d + 18. Let a be i(11). Suppose 106 + 90 = a*t. What is the remainder when t is divided by 11?
6
Let h = 874 - 813. What is the remainder when 181 is divided by h?
59
Suppose i - 1 + 41 = 4*d, -2*d + 2*i = -14. Suppose -13*z = -d*z - 114. Calculate the remainder when 341 is divided by z.
56
Suppose 3*b - 25 - 236 = 0. Suppose 0 = 39*c - 41*c - 3*m + 80, -2*c + 3*m + 44 = 0. What is the remainder when b is divided by c?
25
Suppose 1679 + 5089 = 47*d. What is the remainder when d is divided by 42?
18
Let r be (0/(-7))/(1 - 2). Suppose -4*j = -r*j. Let d = 27 + j. What is the remainder when 51 is divided by d?
24
Suppose 27*q + 392 = 31*q. What is the remainder when q is divided by 51?
47
Suppose 0 = m - g - 95, -m - 4*g = -6*g - 95. What is the remainder when m is divided by 7?
4
Let g = -436 - -697. Suppose 0*n = -3*n + g. Suppose 0 = t - 14 - 4. What is the remainder when n is divided by t?
15
Let q = 60 - 49. Let t(i) = i**3 - 10*i**2 + 14*i - 10. Let r be t(9). Suppose -v + 6 + r = 0. Calculate the remainder when v is divided by q.
8
Let o = 49 - 37. Suppose -3*x = o, -5*u + x + 101 = -8. What is the remainder when 37 is divided by u?
16
Let a = -363 - -431. Calculate the remainder when 259 is divided by a.
55
Suppose 4*w = 2*a - 60, -2*w - 174 = -2*a - 3*a. What is the remainder when 54 is divided by a?
18
Suppose 2*t - 269 = 3*y, 46*t + 265 = 48*t + y. What is the remainder when t is divided by 125?
8
Suppose -15*k - 21 + 126 = 0. Let d be 480/27 + 4/18. Suppose -5 = m + 3*q - d, 0 = 3*q. Calculate the remainder when m is divided by k.
6
Let p = 17 - 8. Suppose 60 = 7*l - 4*l. Suppose 175 = -15*t + l*t. Calculate the remainder when t is divided by p.
8
Let g = -13 + 15. Calculate the remainder when (g - (-186)/3)*(-2 - -3) is divided by 33.
31
Suppose 62 = 4*b - 10. Suppose -66 = -4*y + b. What is the remainder when y is divided by 12?
9
Let u(d) = d**2 - 4*d + 35. Suppose -106*y = -104*y. Calculate the remainder when 102 is divided by u(y).
32
Suppose -4*l + 163 = 5*d, 3*l - d + 4*d - 126 = 0. Suppose -r = -m + 48, 3*m - 73 = -3*r + l. Calculate the remainder when m is divided by 15.
14
Let s(y) = 3*y**3 - 6*y**2 - y + 5. Suppose 440 = 29*v - 285. Calculate the remainder when s(4) is divided by v.
22
Suppose 0 = -2*h - a + 24, -3*a + 8 = 4*h - 40. Suppose 0 = -2*j - 6, -n + 6 = 5*j - 11. Calculate the remainder when n is divided by h.
8
Let c = 135 - 5. Suppose -c - 98 = -4*p. Calculate the remainder when p is divided by 10.
7
Suppose h = -2*z + 8, 0 = -4*h + 6*h + 4. Suppose 0*m = -z*m + 60. Let o(c) = c - 10. What is the remainder when m is divided by o(13)?
0
Let f(u) = u**2 - 6*u - 1. Let j = -3 + 10. Let t(l) = 3*l**3 - 15*l**2 + 8*l - 5. What is the remainder when t(5) is divided by f(j)?
5
Let t = 130 - 89. Let f(a) = 3*a + 25. Let o be f(0). Suppose -6*h + 35 = -h + 4*q, -o = 5*q. What is the remainder when t is divided by h?
8
Calculate the remainder when (2 - 36/27)/((-4)/(-2154)) is divided by 33.
29
Suppose -2*v + 24 - 6 = 0. Suppose z + 4*q - 25 = 0, 100 = 4*z - 2*q - 0*q. What is the remainder when z is divided by v?
7
Suppose 4*f - 119 = -h, 348 - 110 = 2*h - 2*f. Calculate the remainder when h is divided by 20.
19
Let p(b) = -b**3 + 36*b**2 + 5*b - 142. What is the remainder when 74 is divided by p(36)?
36
Let q be (-3 - -5)*(-339)/(-6). Suppose -17 = 4*k - 2*x - q, -64 = -2*k + 5*x. What is the remainder when 63 is divided by k?
19
Suppose 0 = h - 5*n - 54, 4*h - 3*n - 132 = -4*n. Calculate the remainder when h is divided by 2.
0
Let f(h) = -h + 1. Let t be f(3). Let w = t + -4. Let l(y) = -y**3 - 5*y**2 + 2*y - 1. Calculate the remainder when l(w) is divided by 6.
5
Let m(a) = a**3 - 9*a**2 - 9*a - 8. Let x(k) = -k - 8. Let o be x(-7). Let b be -6 - -3 - o - -12. What is the remainder when 5 is divided by m(b)?
1
Suppose 394*m = 387*m + 168. Calculate the remainder when 215 is divided by m.
23
Suppose 6135 = 6*p - 4341. Calculate the remainder when p is divided by 53.
50
Let b = -90 - -96. Calculate the remainder when 1005 is divided by b.
3
Let t(y) = 3*y**2 - 6*y + 8. Calculate the remainder when 216 is divided by t(2).
0
Suppose 4*d + 5 - 29 = 0. Suppose 16 = -5*t + d*t. Let k = 27 - t. What is the remainder when 43 is divided by k?
10
Suppose 63 + 19 = 2*d. Let c(w) = 4*w - 1. Let g(b) = b + 2. Let z be g(1). Calculate the remainder when d is divided by c(z).
8
Let t be 2/((-48)/(-26) + -2). Let p = -205 + 179. Let j = t - p. Calculate the remainder when 23 is divided by j.
10
Let h(u) = u**3 - 16*u**2 + 15*u + 5. Let m be h(15). Suppose 5*f + 2*s - 65 = 89, m*f - 2*s = 146. What is the remainder when f is divided by 11?
8
Let s = 26 - 29. Let j be -166*2/(-12)*s. Let m = 14 - j. What is the remain